lculate (9 - (13 + 2)) + 14 + -1.
7
What is (0 - 9) + -8 + 15?
-2
What is the value of 7 - (3 + -4) - 9?
-1
What is the value of 1 - (-5 + 4 + 1) - -4?
5
4 + 0 - (-36 + 43) - 4
-7
What is the value of 1 + -2 + -2 + 3?
0
Calculate (-1 - -3) + -1 + (-1 - -1).
1
Evaluate 1 + (-11 - -8) - 1 - 2.
-5
What is -8 - (1 - (-2 + 6))?
-5
Calculate -2 + 7 - (-1 + (-2 - -8)).
0
2 + -2 + (7 + -9 - 4)
-6
What is -4 + 5 + (9 - 4)?
6
Evaluate (-13 - -17) + -3 + -1.
0
What is -8 + 9 + -4 + -7?
-10
What is (-6 - 2) + -10 + (8 - -2)?
-8
Evaluate -5 + -5 + 7 + -3 + 1.
-5
Evaluate 11 + 1 + -12 - (-9 + 1).
8
3 + 6 + 3 - (-28 + 31)
9
(-5 - -7) + (5 - 2)
5
Calculate (4 + -4 - 3) + 1 + 1.
-1
What is the value of 7 - (-7 - -17 - -1)?
-4
Calculate -1 - (-5 + 8 + -3 + -2).
1
What is (-1 + 7 - -4) + -6?
4
What is the value of -3 - (9 + -9) - (-4 + 0)?
1
What is 1 + -3 - (1 - (0 - -3))?
0
What is (0 - (7 + -10)) + 0?
3
Evaluate -3 + 2 + 3 - (-1 - -1).
2
What is the value of 80 + -79 + (-4 - (0 + 0))?
-3
Evaluate 0 - -4 - (-12 + 14).
2
What is the value of -4 - 7 - -5 - -3?
-3
Evaluate -3 - -3 - (8 + -10).
2
What is the value of -1 + 1 + -7 + 10 + 1?
4
Evaluate (-2 - 4) + -3 + 7.
-2
What is the value of 1 - (-1 - 1) - (0 - -3)?
0
Evaluate 2 - (-12 + (-7 - -15)).
6
What is -1 + 0 - (45 + -53)?
7
What is (-10 + 7 - (-1 - 1)) + 2?
1
What is -2 + (-5 + 3 + 1 - 3)?
-6
What is the value of 2 + -3 + (-9 - -11)?
1
What is the value of -4 + 0 + -4 + 1?
-7
What is -1 + (5 - (5 - -4)) - -4?
-1
-6 + 9 + -5 + 2 + -2
-2
Calculate 8 + -3 + (6 - 14).
-3
-3 - (1 + (-3 - -3) - 0)
-4
What is the value of 0 + 10 + (-3 - 5)?
2
(3 - -6) + -7 + (2 - 2)
2
What is the value of 44 + -47 - (-12 - (-2 - -1))?
8
Evaluate (-10 - -14) + (0 - 2).
2
What is the value of -8 + 5 + -2 + 8?
3
What is (10 - (-1 - 1)) + -1 - 4?
7
Calculate (4 - 7) + -3 + 7.
1
Calculate -4 - (4 - (7 - (1 - 1))).
-1
What is -3 + (5 + -1 - 0)?
1
What is 10 - (1 + 12 - 5)?
2
What is 4 + -4 + -4 + 6?
2
What is 11 + -1 + -9 - (0 + 5)?
-4
(-7 - (-2 - 3)) + -5 + 2
-5
What is the value of -2 - (5 + -8 + (-1 - -1))?
1
What is the value of 2 - (11 - 3) - -4?
-2
What is the value of 1 + -4 + 7 + 1 + -5?
0
Evaluate -2 - 1 - (3 + -4 + 3).
-5
Calculate (8 + 5 - (9 - 2)) + -3.
3
Calculate (-2 - -8 - -2) + -4.
4
Evaluate -4 + 9 + -7 - 2.
-4
What is the value of 1 + 3 + -1 - (42 + -41)?
2
Calculate (-10 - (2 - (14 + -5))) + -5.
-8
What is the value of -2 + 1 - (6 + -19 + 14)?
-2
1 - 9 - -4 - -2
-2
What is (-3 - -1 - -1) + 4?
3
Calculate -1 + (5 - -4) + -14.
-6
What is -2 + 3 + 0 - -1?
2
0 - 1 - (-10 - -10 - -3)
-4
What is -1 - 0 - (-12 - -15)?
-4
Evaluate (-5 - -8 - -10) + -7.
6
Calculate -2 - (-7 - (-4 + -2)).
-1
Evaluate -4 + (-2 - -7 - 3 - 5).
-7
Calculate (-4 + 4 - 6) + (-2 - -10).
2
What is 2 + (-1 - 0) + 3?
4
What is the value of (-1 - -4) + 4 + -4?
3
(0 - -7) + -19 + 14 + 6
8
Calculate (-4 - (5 + -3 + -3)) + -2.
-5
2 - (5 + 8 + -7 + -13)
9
-3 + -5 + 5 + (-6 - -4)
-5
1 + -11 + -2 + 9
-3
Evaluate (4 - 1) + -48 + 37.
-8
What is (-4 - -3 - (-1 + -2)) + -4?
-2
Calculate (8 - (8 - 4)) + -1.
3
6 - -2 - (4 + 1 - -10)
-7
What is the value of 54 + -51 + (7 - -1 - 1)?
10
Calculate 16 - (3 + 7) - 6.
0
What is the value of -4 - (0 - (-5 - -4))?
-5
Calculate 2 - (-6 + -7 + 14 - -3).
-2
1 - -1 - (2 + 2)
-2
Calculate (6 - -1) + -4 + -5.
-2
What is (-5 - -4) + -7 + 4?
-4
What is 4 - (1 + 2 + 4)?
-3
What is the value of (3 - 7) + 2 + 0?
-2
12 + (4 - 0 - -1) + -8
9
What is 6 + -8 + 3 + 4?
5
What is -1 + 3 - (-3 + 0)?
5
Calculate (5 - 6) + 1 + -3.
-3
Calculate -8 - (-12 + 12 + -7).
-1
What is the value of -23 + 21 - (-13 + 4 - -1)?
6
What is (-20 - -22) + 1 + -2 + -2?
-1
Evaluate -4 - (-4 + -2 + -1).
3
(5 - 9 - -5) + -1 + 4
4
Evaluate 2 + 7 + -5 - (2 + 1).
1
Evaluate -4 + (-11 - -6 - (-7 - 0)).
-2
6 + 1 - (5 + -9 - -7)
4
90 + -87 + -1 + -6 + -2
-6
9 + -9 - -3 - 12
-9
Calculate (9 - 19) + (2 - -1).
-7
Calculate (10 - 0) + -4 - 1 - 8.
-3
Evaluate -10 + (29 - 0) - 13.
6
What is 14 - 11 - (2 - -1) - -3?
3
What is the value of (-5 - (1 + (-1 - 2))) + 1?
-2
What is the value of 0 + -3 - ((2 - -2) + -10)?
3
Calculate 1 + (0 - 10) + (-39 - -42).
-6
What is 7 + (9 + -3 - (29 + -17))?
1
What is (-6 - (-7 - 3)) + -7?
-3
Calculate -4 - (-11 + 6 - -4 - -2).
-5
Calculate (-2 - -1) + 4 + 0.
3
Calculate (-28 - -19) + (0 - 0) - -6.
-3
Calculate -12 - -15 - (0 + 0 + 2).
1
What is the value of 4 + (-1 + 4 + 2 - 9)?
0
Evaluate -15 + -1 - (53 - 62).
-7
Evaluate 3 + -9 - (-18 + 6).
6
Evaluate 14 - (-3 - (-1 - 24)).
-8
Evaluate -3 - (0 + -6 + (1 - -2)).
0
Evaluate 2 + 4 + -11 - 1.
-6
What is the value of -4 + (5 - (-2 - 0 - -6))?
-3
What is the value of (1 - 4 - -8) + -7?
-2
Calculate 7 + (-3 - -2 - -3).
9
Evaluate 7 - 16 - -6 - -7.
4
What is -3 - (-4 + 3) - 1?
-3
What is 1 + 1 + -3 - (-2 - 3)?
4
What is the value of (-10 - -11 - (1 + 3)) + 4?
1
0 + -3 + (-4 - 0 - -6)
-1
What is 1 + 10 + (-7 - 5)?
-1
Evaluate -9 + 5 - -11 - 8.
-1
What is the value of 2 + (-11 - -7) + 1 + 1?
0
What is 0 - -4 - 6 - -3?
1
Calculate 14 - ((10 - 7) + 3 + 0).
8
What is the value of 3 + 5 + -10 - (-5 - -11)?
-8
What is -3 + 8 + -3 + -5?
-3
What is 1 + -18 - (-60 + 51)?
-8
8 - (-4 + 6) - 6
0
-170 + 171 + (-1 - 1)
-1
-5 + -1 + 5 + 0 + -1
-2
Calculate -4 + (-6 + 4 - -3).
-3
Evaluate 2 - (1 - ((0 - 1) + -2)).
-2
Evaluate 3 - (-6 - -3) - -2 - 1.
7
Calculate 1 + -2 - (6 + -1 + -2).
-4
What is the value of -1 - (-3 - (2 + 2 + -4))?
2
(0 - (-2 + 0)) + (66 - 64)
4
11 - (-7 - -18) - 11
-11
Calculate 3 - 14 - -2 - -1.
-8
Calculate 7 - ((-3 - -8) + -15 + 8).
9
What is 7 - (7 + (-2 - 3))?
5
What is the value of -1 - (2 - (5 + 0))?
2
What is 2 + -1 + 2 - (0 + -1)?
4
What is the value of -15 + 14 + -4 + 1?
-4
Calculate (-5 - (0 + 2)) + 8.
1
Calculate -12 + (-6 - -11) - -3.
-4
5 - -1 - (19 + -14)
1
(-1 - 5 - (-3 - 2)) + 6
5
Evaluate 0 - ((-10 - -8) + -2 + 7).
-3
What is the value of -5 + (9 + -1 - (-2 + 6))?
-1
What is the value of -10 + -6 + 17 + 2?
3
What is 7 + 1 + 0 + -10 + 6?
4
What is -7 + (-7 - -14) - (-1 - 7)?
8
Evaluate (1 - 3) + 3 + 0 + 0.
1
Evaluate -3 + 4 - 3 - (-1 - -1).
-2
What is the value of (-1 - (2 - 0)) + -1?
-4
What is the value of -19 - -14 - (-1 - 3)?
-1
What is -1 - ((11 - 5) + -5)?
-2
Evaluate 1 + (-3 - -6) + -2.
2
Calculate -14 + (1 - -5) - (-4 + 3).
-7
Calculate -14 + (-11 - -27) + -3.
-1
Evaluate -5 - (-3 - (-2 + 5)).
1
17 + -15 + (13 - 9 - -3)
9
Evaluate 1 - (0 - 2 - -7) - -9.
5
What is the value of 0 + 0 + -2 + 1 + 2?
1
Calculate -2 + -6 + 0 - -4.
-4
Calculate (-2 + -2 - -7) + -1.
2
Calculate 0 + -2 + -8 + 8.
-2
Calculate (0 - 0) + 3 + (5 - 5).
3
What is the value of (0 - 6) + 30 + -23?
1
Calculate -1 - (-1 + 0 - 1).
1
What is (1 - -2) + (1 - (8 + -4))?
0
Evaluate 0 + 1 + 3 + -1.
3
What is the value of (-3 - -7) + -5 + -1 - -8?
6
What is (4 - (6 + 2)) + -3 + 7?
0
(4 + -1 - (-3 + 4)) + -5
-3
Evaluate -7 + 1 + 3 + (-5 - -3).
-5
What is the value of -5 - ((23 - 25) + -1 + 2)?
-4
Calculate -9 + (11 - 0) - -2.
4
-4 + 1 + 0 + -1 + 3
-1
Evaluate -5 - (-2 + -8) - (4 - 2).
3
Evaluate 1 + 7 + -3 + -1 + 1.
5
What is the value of 19 - 16 - (-3 - (2 - 3))?
5
What is the value of -5 - (-7 - 10 - -7)?
5
What is 3 + (4 - (-2 + 5))?
4
Evaluate 0 - -2 - (1 + (-9 - -14)).
-4
-6 - -6 - (-1 + 2) - -3
2
1 - -3 - (4 - -2 - 7)
5
What is 1 + -13 + 6 + 3 - 0?
-3
Calculate 2 + (3 - 13) + 4.
-4
Evaluate 3 + -6 + 5 + -5 + 0.
-3
Evaluate -14 - (-4 - (-6 + 3 - -4)).
-9
What is the value of 1 - (3 + (-5 - 0))?
3
What is the value of 4 + (-7 + 14 - 8)?
3
Evaluate 3 + 5 + (-2 - 0).
6
Calculate 7 + 6 + -5 + -13.
-5
Calculate (-4 - (9 - 16)) + 6 + -2.
7
19 - 13 - (7 + -2)
1
What is (13 - (-2 - -8)) + -2 + -5?
0
-3 + 9 + -4 + 0
2
What is 4 - ((-4 + -1 - -4) + 3)?
2
What is -4 + (3 + (2 - 1) - 0)?
0
What is -10 + 0 + 7 + 6?
3
What is -2 + 7 + -6 + 0?
-1
What is (-16 + 6 - -8) + (1 - -1)?
0
Evaluate 5 + -1 - (3 + 1).
0
Evaluate 8 - ((-6 - (-10 + 2)) + 5).
1
(3 + -9 - -2) + 9
5
4 + -3 - (4 + -6 - -2)
1
What is the value of -6 - -1 - -11 - 4?
2
3 - (0 + -1 + (-1 - -1))
4
Calculate -2 - (-7 - -6) - -2.
1
What is the value of 13 + -15 + 3 + 6?
7
0 + -3 + -2 + -6 + 4
-7
Calculate -4 - (-11 - -15) - -13.
5
Calculate -12 + (15 - (12 - -2)).
-11
What is -4 - 1 - (-5 - 3)?
3
49 - 53 - (2 - 5)
-1
Calculate -10 + (5 - -3 - -4).
2
Calculat